2562?
14
Calculate the greatest common factor of 177378 and 78114.
282
Calculate the highest common factor of 142756 and 21538.
178
What is the greatest common divisor of 1692 and 274288428?
1692
Calculate the greatest common factor of 50834042 and 406.
406
Calculate the highest common factor of 12842860 and 380.
380
What is the greatest common divisor of 1403550 and 60?
30
Calculate the greatest common factor of 264 and 104412.
132
What is the greatest common divisor of 3819 and 3971559?
201
Calculate the greatest common factor of 22275 and 5983230.
165
What is the highest common factor of 350064 and 269568?
1872
What is the highest common factor of 75628448 and 672?
224
Calculate the highest common factor of 24237 and 5851889.
2693
Calculate the highest common factor of 507688 and 54128.
136
Calculate the highest common divisor of 398363 and 1036.
7
Calculate the highest common factor of 12146 and 576.
2
Calculate the greatest common divisor of 117200391 and 231.
231
What is the greatest common factor of 19921988 and 692?
692
Calculate the greatest common factor of 6057 and 31813383.
2019
What is the highest common factor of 2116 and 22580894?
1058
What is the greatest common divisor of 5 and 113583595?
5
What is the highest common divisor of 960775 and 600?
25
Calculate the greatest common factor of 50691427 and 94.
47
What is the highest common divisor of 15223934 and 11?
11
What is the highest common divisor of 38 and 321135587?
19
What is the highest common divisor of 211016 and 26104?
104
What is the highest common factor of 9248 and 3119568?
272
Calculate the greatest common factor of 1389 and 4764270.
1389
What is the highest common factor of 875751 and 21009?
141
What is the greatest common factor of 52 and 11405550?
26
Calculate the highest common factor of 392 and 26176535.
49
What is the greatest common divisor of 1079144 and 140888?
88
Calculate the highest common divisor of 8725 and 56825.
25
What is the greatest common factor of 622 and 16204966?
622
Calculate the highest common factor of 4 and 13684876.
4
What is the greatest common divisor of 5760 and 8948952?
72
What is the highest common factor of 13246675 and 1495?
65
Calculate the greatest common factor of 359270 and 728160.
370
What is the greatest common factor of 11011 and 8733361?
91
Calculate the greatest common divisor of 1989 and 2254421.
221
Calculate the highest common factor of 190860 and 390.
30
Calculate the greatest common factor of 7580196 and 972.
108
What is the greatest common factor of 73620 and 4892?
4
Calculate the highest common divisor of 150485206 and 133.
19
What is the highest common divisor of 1386 and 151704?
126
Calculate the greatest common divisor of 767516 and 4828.
68
What is the highest common divisor of 75 and 40695?
15
Calculate the highest common divisor of 88 and 15721336.
8
Calculate the greatest common factor of 7032 and 10778591.
293
Calculate the greatest common divisor of 94 and 4021385894.
94
What is the greatest common divisor of 689586 and 319010?
874
Calculate the greatest common divisor of 19215564 and 12.
12
What is the greatest common factor of 338139 and 1035?
9
Calculate the greatest common factor of 869624 and 636.
212
Calculate the highest common factor of 1764 and 20154456.
252
What is the highest common divisor of 877616 and 1264?
16
Calculate the greatest common divisor of 1864208 and 592.
592
Calculate the greatest common divisor of 6528 and 5012025.
51
Calculate the greatest common factor of 313805173 and 803.
803
Calculate the greatest common divisor of 34252850 and 230.
10
What is the highest common factor of 84 and 14514892?
28
Calculate the greatest common factor of 67902 and 1662.
6
Calculate the greatest common divisor of 19443065 and 254.
127
Calculate the highest common divisor of 82230497 and 25484.
6371
Calculate the greatest common factor of 98 and 386982.
2
Calculate the greatest common factor of 325 and 22037.
1
What is the highest common divisor of 10829149 and 321?
107
Calculate the greatest common divisor of 112453600 and 11200.
5600
Calculate the highest common divisor of 5534271 and 729.
27
What is the greatest common factor of 24592 and 152018?
58
Calculate the highest common divisor of 9194331 and 51.
51
What is the highest common divisor of 104 and 3179912?
8
What is the highest common divisor of 2713950 and 387?
9
Calculate the greatest common divisor of 21427356 and 12.
12
What is the highest common factor of 289433440 and 50?
10
Calculate the greatest common divisor of 1297812 and 750342.
474
What is the highest common factor of 749672 and 6837106?
2434
What is the greatest common factor of 1592199 and 11811?
381
Calculate the highest common factor of 3357123249 and 237.
237
What is the greatest common factor of 56093145 and 321?
321
Calculate the greatest common factor of 3393 and 538784649.
3393
Calculate the greatest common factor of 413 and 245879137.
413
What is the highest common factor of 10191 and 8814030?
237
What is the highest common factor of 278 and 433635242?
278
Calculate the highest common divisor of 1314 and 103486041.
657
What is the greatest common divisor of 23251037 and 8973?
997
What is the greatest common divisor of 6298871 and 1273?
67
Calculate the highest common divisor of 1020624 and 54.
6
What is the greatest common factor of 5427108 and 1798?
62
Calculate the greatest common factor of 1207393 and 2717.
209
Calculate the highest common factor of 1385238 and 14.
2
Calculate the highest common factor of 1014790277 and 149.
149
Calculate the greatest common factor of 42651 and 25697.
7
Calculate the highest common divisor of 55707909 and 64557.
2391
Calculate the greatest common factor of 90 and 44175110.
10
What is the highest common factor of 2496008 and 3672?
136
What is the greatest common divisor of 1021 and 44391038?
1021
Calculate the greatest common divisor of 28223061 and 87.
87
Calculate the greatest common divisor of 5970 and 735703.
199
Calculate the greatest common divisor of 30728 and 5119886.
334
What is the greatest common divisor of 69551 and 67981?
157
What is the highest common divisor of 275555 and 19810?
35
Calculate the highest common divisor of 690423 and 83925.
1119
What is the highest common divisor of 544790247 and 3362?
1681
What is the greatest common factor of 4136 and 381656?
88
Calculate the highest common divisor of 1209 and 647652.
93
Calculate the greatest common factor of 403443 and 840.
3
Calculate the greatest common divisor of 1044 and 189204.
12
Calculate the highest common divisor of 106 and 2300571.
53
What is the greatest common factor of 32623 and 3020203?
1717
Calculate the highest common factor of 563199 and 4368.
273
Calculate the greatest common factor of 34713355 and 35255.
3205
Calculate the greatest common divisor of 369327 and 3741.
129
What is the highest common factor of 365850 and 134958?
1626
Calculate the highest common divisor of 3690 and 76770.
90
What is the highest common factor of 14449666 and 3333?
1111
What is the greatest common divisor of 30465 and 565295?
3385
What is the greatest common divisor of 22 and 53337724?
22
What is the highest common divisor of 25664328 and 112?
8
Calculate the highest common factor of 27156 and 5548.
292
Calculate the greatest common factor of 5630775 and 3925.
25
What is the greatest common divisor of 180190 and 20?
10
Calculate the highest common divisor of 147 and 1502067.
21
Calculate the greatest common factor of 919801584 and 9360.
1872
What is the highest common factor of 40971 and 26871123?
5853
What is the greatest common factor of 3808 and 2568608?
224
What is the greatest common factor of 996 and 141989262?
498
Calculate the greatest common divisor of 120 and 21463080.
120
Calculate the highest common factor of 42127 and 29173561.
409
Calculate the greatest common divisor of 42 and 61374614.
14
Calculate the greatest common factor of 56862 and 5864400.
162
What is the greatest common divisor of 10438459 and 120105?
2669
What is the greatest common factor of 156 and 29989986?
78
What is the highest common factor of 22 and 20398202?
22
What is the highest common factor of 111953600 and 10?
10
What is the greatest common factor of 51092 and 249312?
212
What is 